{"id":139,"date":"2013-01-27T20:56:59","date_gmt":"2013-01-27T18:56:59","guid":{"rendered":"http:\/\/www.kokodo-jujutsu.at\/dojo\/?page_id=139"},"modified":"2021-08-25T11:03:36","modified_gmt":"2021-08-25T09:03:36","slug":"techniken","status":"publish","type":"page","link":"http:\/\/www.kokodo-jujutsu.at\/dojo\/training\/techniken\/","title":{"rendered":"TECHNIKEN"},"content":{"rendered":"<div id=\"fb-root\"><\/div>\n<p>Hier alle Techniken Sodan bis Sandan, zu den Kyu Pr\u00fcfungen werden eine Anzahl von Techniken der&nbsp;<a href=\"http:\/\/www.kokodo-jujutsu.at\/dojo\/wp-content\/uploads\/2018\/01\/Shodan.pdf\" target=\"_blank\" rel=\"noopener\">Shodan Waza (download<\/a>) gepr\u00fcft.<\/p>\n<p>-&gt;<a title=\"Pr\u00fcfungsprogramm\" href=\"http:\/\/www.kokodo-jujutsu.at\/dojo\/wp-content\/uploads\/2014\/12\/pr%C3%BCfungsprogramm.jpg\">Pr\u00fcfungsprogramm Download<\/a>&lt;-<\/p>\n<p align=\"center\">ngg_shortcode_0_placeholder<strong>Shodan-Gi<\/strong><\/p>\n<p align=\"center\"><strong><i><span style=\"text-decoration: underline;\">Suwari Waza<\/span><\/i><\/strong><b><i><\/i><\/b><\/p>\n<p align=\"center\">Nukite<br \/>\nAtemi _ Kasumi no-to<br \/>\nHiza Gatame<br \/>\nHiki Otoshi<br \/>\nAiki Nage<br \/>\nKote Gaeshi<br \/>\nGassho Dori<br \/>\nUde Osae Dori<br \/>\nMune Osae Dori<br \/>\nUchi Komi Dori<\/p>\n<p align=\"center\"><strong><i><span style=\"text-decoration: underline;\">Hantachi Waza<\/span><\/i><\/strong><\/p>\n<p align=\"center\">Yoko Katate Osae Dori<br \/>\nYoko Morote Osae Dori<\/p>\n<p align=\"center\"><strong><i><span style=\"text-decoration: underline;\">Tachi Waza<\/span><\/i><\/strong><\/p>\n<p align=\"center\">Shuto Zeme<br \/>\nShuto Zeme Otoshi<br \/>\nAtemi _ Kasumi No-To<br \/>\nAtemi _ Uto no-to<br \/>\nHiki Otoshi<br \/>\nAiki Nage<br \/>\nKote Gaeshi Dori<br \/>\nGassho Dori<br \/>\nUde Osae Dori<br \/>\nMune Osae Dori<br \/>\nUde Mune Osae Dori<br \/>\nUchi Komi Dori<br \/>\nUshiro Zeme Otoshi<\/p>\n<p align=\"center\"><strong>ngg_shortcode_1_placeholderNidan-Gi<\/strong><\/p>\n<p align=\"center\"><strong><i><span style=\"text-decoration: underline;\">Suwari Waza<\/span><\/i><\/strong><\/p>\n<p align=\"center\">Kawa Semi<br \/>\nUde Osae Dori<br \/>\nMune Osae Dori<br \/>\nUchi Komi Dori<br \/>\nKote Gaeshi Dori<br \/>\nGassho Dori<br \/>\nKote Dori<\/p>\n<p align=\"center\"><strong><i><span style=\"text-decoration: underline;\">Hantachi Waza<\/span><\/i><\/strong><\/p>\n<p align=\"center\">Mae Ryote Osae Dori<\/p>\n<p align=\"center\"><i><span style=\"text-decoration: underline;\"><strong>Tachi Waza<\/strong><\/span><\/i><\/p>\n<p align=\"center\">Kawa Semi<br \/>\nMaki Komi Dori<br \/>\nAya Dori<br \/>\nShuto Jime<br \/>\nKote Gaeshi Dori<br \/>\nGassho Dori<br \/>\nUde Osae Dori<br \/>\nMune Osae Dori<br \/>\nUchi Komi Dori<br \/>\nSakaki Gaeshi<br \/>\nKude Gatame Omote<br \/>\nKude Gatame Ura<br \/>\nKote Dori<br \/>\nUchi Komi Kote Dori<br \/>\nMune Osae Kote Dori<br \/>\nShiho Nage<br \/>\nUshiro Shiho Nage<i><\/i><\/p>\n<p align=\"center\"><strong><span style=\"text-decoration: underline;\">&nbsp;<\/span><\/strong><strong>ngg_shortcode_2_placeholderSandan-Gi<\/strong><\/p>\n<p align=\"center\"><strong><i><span style=\"text-decoration: underline;\">Suwari Waza<\/span><\/i><\/strong><\/p>\n<p align=\"center\">Ude Osae Dori<br \/>\nMune Osae Dori<br \/>\nUchi Komi Dori<br \/>\nKote Gaeshi Dori<br \/>\nRyote Osae Aya Dori<br \/>\nGassho Dori<br \/>\nTsukimi Dori<\/p>\n<p align=\"center\"><strong><i><span style=\"text-decoration: underline;\">Hantachi Waza<\/span><\/i><\/strong><i><\/i><\/p>\n<p align=\"center\">Yoko Katate Osae Dori<br \/>\nYoko Morote Osae Dori<br \/>\nUshiro Gyaku Kubi Jime Dori<\/p>\n<p align=\"center\"><strong><i><span style=\"text-decoration: underline;\">Tachi Waza<\/span><\/i><\/strong><\/p>\n<p align=\"center\">Emon Dori<br \/>\nUshiro Emon Dori<br \/>\nUde Osae Dori<br \/>\nMune Osae Dori<br \/>\nKote Gaeshi Dori<br \/>\nRyote Osai Aya Dori<br \/>\nGassho Dori<br \/>\nUchi Komi Dori<br \/>\nTsukimi Dori<br \/>\nKata Mune Osae Mochi Mawari<br \/>\nRyote Mochi Mawari Dori<br \/>\nMae Obi Hiki Dori<br \/>\nUshiro Obi Hiki Dori<br \/>\nUshiro Zeme Dori<br \/>\nUshiro Nukite Dori<br \/>\nUshiro Kubi Jime Nage<br \/>\nTanto Dori<br \/>\nNuki Uchi Dori<\/p>\n<p align=\"center\"><strong><span style=\"text-decoration: underline;\">ngg_shortcode_3_placeholderHanbo Waza<\/span><\/strong><\/p>\n<p style=\"text-align: center;\">1. Nukite Dori&nbsp;&nbsp;&nbsp;&nbsp;&nbsp;&nbsp;&nbsp;&nbsp;&nbsp;&nbsp;&nbsp;&nbsp;&nbsp;&nbsp;&nbsp;&nbsp;&nbsp;&nbsp;&nbsp;&nbsp;&nbsp;&nbsp;&nbsp;&nbsp;&nbsp;&nbsp;&nbsp;&nbsp;&nbsp;&nbsp;&nbsp;&nbsp; &nbsp;&nbsp;&nbsp;&nbsp;&nbsp;&nbsp;&nbsp;&nbsp;&nbsp;&nbsp;&nbsp;&nbsp;&nbsp;&nbsp;&nbsp;&nbsp;&nbsp;&nbsp;&nbsp;&nbsp;&nbsp;&nbsp;&nbsp;&nbsp;&nbsp;&nbsp;&nbsp;&nbsp;&nbsp;&nbsp;&nbsp;&nbsp;&nbsp;&nbsp;&nbsp;&nbsp;&nbsp;&nbsp;&nbsp;&nbsp;&nbsp;&nbsp;&nbsp;&nbsp;&nbsp;&nbsp; 7. Yoko Otoshi<br \/>\n2. Uchi Komi Dori Nage&nbsp;&nbsp;&nbsp;&nbsp;&nbsp;&nbsp;&nbsp;&nbsp;&nbsp;&nbsp;&nbsp;&nbsp;&nbsp;&nbsp;&nbsp;&nbsp;&nbsp;&nbsp;&nbsp;&nbsp;&nbsp;&nbsp;&nbsp;&nbsp;&nbsp;&nbsp;&nbsp;&nbsp;&nbsp;&nbsp;&nbsp;&nbsp;&nbsp;&nbsp;&nbsp;&nbsp;&nbsp;&nbsp;&nbsp;&nbsp;&nbsp;&nbsp;&nbsp;&nbsp;&nbsp;&nbsp;&nbsp;&nbsp;&nbsp;&nbsp;&nbsp;&nbsp;&nbsp;&nbsp;&nbsp;&nbsp;&nbsp;&nbsp;&nbsp; 8. Yoko Men Shiho Nage<br \/>\n3. Uchi Komi Shiho Nage&nbsp;&nbsp;&nbsp;&nbsp;&nbsp;&nbsp;&nbsp;&nbsp;&nbsp;&nbsp;&nbsp;&nbsp;&nbsp;&nbsp;&nbsp;&nbsp;&nbsp;&nbsp;&nbsp;&nbsp;&nbsp;&nbsp;&nbsp;&nbsp;&nbsp;&nbsp;&nbsp;&nbsp;&nbsp;&nbsp;&nbsp;&nbsp;&nbsp;&nbsp;&nbsp;&nbsp;&nbsp;&nbsp;&nbsp;&nbsp;&nbsp;&nbsp;&nbsp;&nbsp;&nbsp;&nbsp;&nbsp;&nbsp;&nbsp;&nbsp;&nbsp;&nbsp;&nbsp;&nbsp;&nbsp;&nbsp;&nbsp;&nbsp; 9. Yoko Gaeshi Otoshi<br \/>\n4. Hara Gatame Nage&nbsp;&nbsp;&nbsp;&nbsp;&nbsp;&nbsp;&nbsp;&nbsp;&nbsp;&nbsp;&nbsp;&nbsp;&nbsp;&nbsp;&nbsp;&nbsp;&nbsp;&nbsp;&nbsp;&nbsp;&nbsp;&nbsp;&nbsp;&nbsp;&nbsp;&nbsp;&nbsp;&nbsp;&nbsp;&nbsp;&nbsp;&nbsp;&nbsp;&nbsp;&nbsp;&nbsp;&nbsp;&nbsp;&nbsp;&nbsp;&nbsp;&nbsp;&nbsp;&nbsp;&nbsp;&nbsp;&nbsp;&nbsp;&nbsp;&nbsp;&nbsp;&nbsp;&nbsp;&nbsp;&nbsp;&nbsp;&nbsp;&nbsp;&nbsp;&nbsp;&nbsp;&nbsp;&nbsp;&nbsp;&nbsp; 10. Ude Maki Dori<br \/>\n5. Hara jime Otoshi&nbsp;&nbsp;&nbsp;&nbsp;&nbsp;&nbsp;&nbsp;&nbsp;&nbsp;&nbsp;&nbsp;&nbsp;&nbsp;&nbsp;&nbsp;&nbsp;&nbsp;&nbsp;&nbsp;&nbsp;&nbsp;&nbsp;&nbsp;&nbsp;&nbsp;&nbsp;&nbsp;&nbsp;&nbsp;&nbsp;&nbsp;&nbsp;&nbsp;&nbsp;&nbsp;&nbsp;&nbsp;&nbsp;&nbsp;&nbsp;&nbsp;&nbsp;&nbsp;&nbsp;&nbsp;&nbsp;&nbsp;&nbsp;&nbsp;&nbsp;&nbsp;&nbsp;&nbsp;&nbsp;&nbsp;&nbsp;&nbsp;&nbsp;&nbsp;&nbsp;&nbsp;&nbsp;&nbsp;&nbsp;&nbsp;&nbsp;&nbsp;&nbsp;&nbsp;&nbsp; 11. Hara Dori Gakun<br \/>\n6. Kube Jime Gatame&nbsp;&nbsp;&nbsp;&nbsp;&nbsp;&nbsp;&nbsp;&nbsp;&nbsp;&nbsp;&nbsp;&nbsp;&nbsp;&nbsp;&nbsp;&nbsp;&nbsp;&nbsp;&nbsp;&nbsp;&nbsp;&nbsp;&nbsp;&nbsp;&nbsp;&nbsp;&nbsp;&nbsp;&nbsp;&nbsp;&nbsp;&nbsp;&nbsp;&nbsp;&nbsp;&nbsp;&nbsp;&nbsp;&nbsp;&nbsp;&nbsp;&nbsp;&nbsp;&nbsp;&nbsp;&nbsp;&nbsp;&nbsp;&nbsp;&nbsp;&nbsp;&nbsp;&nbsp;&nbsp;&nbsp;&nbsp;&nbsp;&nbsp;&nbsp;&nbsp;&nbsp;&nbsp;&nbsp;&nbsp;&nbsp; 12. Yoko Kubi Jime Dori<\/p>\n<h4 style=\"text-align: center;\"><span style=\"text-decoration: underline;\"><strong><a title=\"Hanbo Waza\" href=\"http:\/\/www.kokodo-jujutsu.at\/dojo\/training\/techniken\/hanbo-waza\/\">Techniken als animierte Gif<\/a><br \/>\n<\/strong><\/span><\/h4>\n<h4 style=\"text-align: center;\"><a href=\"http:\/\/www.kokodo-jujutsu.at\/dojo\/wp-content\/uploads\/2017\/09\/WhatsApp-Video-2017-09-11-at-20.04.32.mp4\">Armklemmen (video)<\/a><\/h4>\n<p>&nbsp;<\/p>\n<p>&nbsp;<\/p>\n<p>&nbsp;<\/p>\n<p><strong><a href=\"http:\/\/www.kokodo-jujutsu.at\/dojo\/wp-admin\/post.php?post=139&amp;action=edit&amp;message=1#top\">^ANFANG^<\/a><\/strong><\/p>\n<p>&nbsp;<\/p>\n","protected":false},"excerpt":{"rendered":"<p>Hier alle Techniken Sodan bis Sandan, zu den Kyu Pr\u00fcfungen werden eine Anzahl von Techniken der&nbsp;Shodan Waza (download) gepr\u00fcft. -&gt;Pr\u00fcfungsprogramm Download&lt;- Shodan-Gi Suwari Waza Nukite Atemi _ Kasumi no-to Hiza &hellip; <a class=\"readmore\" href=\"http:\/\/www.kokodo-jujutsu.at\/dojo\/training\/techniken\/\">weiterlesen &rarr;<\/a><\/p>\n","protected":false},"author":2,"featured_media":0,"parent":7,"menu_order":2,"comment_status":"closed","ping_status":"closed","template":"","meta":{"ngg_post_thumbnail":0,"footnotes":""},"_links":{"self":[{"href":"http:\/\/www.kokodo-jujutsu.at\/dojo\/wp-json\/wp\/v2\/pages\/139"}],"collection":[{"href":"http:\/\/www.kokodo-jujutsu.at\/dojo\/wp-json\/wp\/v2\/pages"}],"about":[{"href":"http:\/\/www.kokodo-jujutsu.at\/dojo\/wp-json\/wp\/v2\/types\/page"}],"author":[{"embeddable":true,"href":"http:\/\/www.kokodo-jujutsu.at\/dojo\/wp-json\/wp\/v2\/users\/2"}],"replies":[{"embeddable":true,"href":"http:\/\/www.kokodo-jujutsu.at\/dojo\/wp-json\/wp\/v2\/comments?post=139"}],"version-history":[{"count":78,"href":"http:\/\/www.kokodo-jujutsu.at\/dojo\/wp-json\/wp\/v2\/pages\/139\/revisions"}],"predecessor-version":[{"id":1690,"href":"http:\/\/www.kokodo-jujutsu.at\/dojo\/wp-json\/wp\/v2\/pages\/139\/revisions\/1690"}],"up":[{"embeddable":true,"href":"http:\/\/www.kokodo-jujutsu.at\/dojo\/wp-json\/wp\/v2\/pages\/7"}],"wp:attachment":[{"href":"http:\/\/www.kokodo-jujutsu.at\/dojo\/wp-json\/wp\/v2\/media?parent=139"}],"curies":[{"name":"wp","href":"https:\/\/api.w.org\/{rel}","templated":true}]}}